{"id":4276,"date":"2021-08-25T14:59:50","date_gmt":"2021-08-25T14:59:50","guid":{"rendered":"https:\/\/objetivoaruja.com.br\/site\/?page_id=4276"},"modified":"2022-01-21T16:06:37","modified_gmt":"2022-01-21T16:06:37","slug":"pre-vestibular","status":"publish","type":"page","link":"https:\/\/objetivoaruja.com.br\/site\/pre-vestibular\/","title":{"rendered":"Pr\u00e9 Vestibular"},"content":{"rendered":"[vc_row][vc_column offset=&#8221;vc_col-lg-offset-1 vc_col-lg-10 vc_col-md-offset-1 vc_col-md-10&#8243;][vc_column_text]A efici\u00eancia e a qualidade da metodologia de ensino e do material did\u00e1tico do Curso Objetivo podem ser constatadas toda vez que uma universidade divulga a lista de aprovados em seu vestibular.<\/p>\n<p>Quantitativamente, sobressaem os alunos do Objetivo e seus parceiros. Qualitativamente, nos primeiros lugares \u00e9 certa a presen\u00e7a de alunos que se preparam em cursos que utilizam material did\u00e1tico do Objetivo. Isso se deve \u00e0 solidez de uma experi\u00eancia de mais de 30 anos, o tempo todo inovando, atualizando e aprimorando seu material, em sintonia com as tend\u00eancias dos principais vestibulares do Pa\u00eds. O Curso Objetivo Pr\u00e9-Vestibular oferece uma estrutura completa e uma larga experi\u00eancia na \u00e1rea da educa\u00e7\u00e3o, tudo para ver nosso aluno vibrar diante de sua primeira conquista na vida adulta: o ingresso na universidade de sua escolha.[\/vc_column_text][wgl_spacing spacer_size=&#8221;75px&#8221;][\/vc_column][\/vc_row][vc_row][vc_column width=&#8221;1\/4&#8243;][\/vc_column][vc_column width=&#8221;1\/2&#8243;][vc_video link=&#8221;https:\/\/youtu.be\/WDfR2XwfhBY&#8221; css=&#8221;.vc_custom_1642781216957{margin-top: 30px !important;margin-bottom: 30px !important;}&#8221;][wgl_spacing spacer_size=&#8221;75px&#8221;][\/vc_column][vc_column width=&#8221;1\/4&#8243;][\/vc_column][\/vc_row][vc_row][vc_column width=&#8221;2\/3&#8243;][vc_tta_accordion c_icon=&#8221;&#8221; active_section=&#8221;1&#8243;][vc_tta_section title=&#8221;Sala de aula do Ensino M\u00e9dio&#8221; tab_id=&#8221;1629837111234-6cf8e274-dc43&#8243;][vc_column_text]S\u00e3o equipadas com ar condicionado, computador, projetor multim\u00eddia e c\u00e2meras de monitoramento.[\/vc_column_text][\/vc_tta_section][vc_tta_section title=&#8221;Audit\u00f3rio&#8221; tab_id=&#8221;1629837111249-eb42b221-a130&#8243;][vc_column_text]Espa\u00e7o onde s\u00e3o realizadas as palestras, aulas especiais e comemora\u00e7\u00f5es.[\/vc_column_text][\/vc_tta_section][vc_tta_section title=&#8221;Laborat\u00f3rios de qu\u00edmica, f\u00edsica e biologia&#8221; tab_id=&#8221;1629837310987-ba175d22-52f9&#8243;][vc_column_text]Este ambiente possui todos os equipamentos e produtos para a realiza\u00e7\u00e3o de experimentos das aulas de biologia, f\u00edsica, qu\u00edmica e ci\u00eancias.[\/vc_column_text][\/vc_tta_section][vc_tta_section title=&#8221;Laborat\u00f3rio de Tecnologia da Informa\u00e7\u00e3o&#8221; tab_id=&#8221;1629841477829-834a5553-a1cf&#8221;][vc_column_text]V\u00e1rios computadores com acesso \u00e0 Internet, os softwares, tablets e multim\u00eddia possibilitam apoio \u00e0s aulas, abrindo um grande leque de aprendizagens da tecnologia. \u00c9 utilizado tamb\u00e9m nas aulas de Educa\u00e7\u00e3o Digital e apoio a digita\u00e7\u00e3o e impress\u00e3o[\/vc_column_text][\/vc_tta_section][vc_tta_section title=&#8221;Biblioteca Central&#8221; tab_id=&#8221;1629837393443-14a9b9da-389a&#8221;][vc_column_text]Atende os alunos da Educa\u00e7\u00e3o Fundamental e Ensino M\u00e9dio. Possui grande acervo de livros com cadastro digitalizado, peri\u00f3dicos, assinatura de revistas e jornal \u201cO Estado de S\u00e3o Paulo\u201d, videoteca, computadores com acesso \u00e0 Internet para pesquisas.[\/vc_column_text][\/vc_tta_section][vc_tta_section title=&#8221;Quadras Cobertas&#8221; tab_id=&#8221;1629837427484-ccb86756-905d&#8221;][vc_column_text]Espa\u00e7o para as aulas de Educa\u00e7\u00e3o F\u00edsica e pr\u00e1ticas esportivas em diferentes modalidades.[\/vc_column_text][\/vc_tta_section][vc_tta_section title=&#8221;P\u00e1tio&#8221; tab_id=&#8221;1629837557665-13d9e472-1c3a&#8221;][vc_column_text]Espa\u00e7o para os alunos interagirem e descansarem durante o intervalo.[\/vc_column_text][\/vc_tta_section][vc_tta_section title=&#8221;Cozinha experimental&#8221; tab_id=&#8221;1629837673577-ddcacd3f-4bf7&#8243;][vc_column_text]A prepara\u00e7\u00e3o das saborosas receitas com diferentes ingredientes, estimula descobertas, habilidades motoras, organiza\u00e7\u00e3o, h\u00e1bitos de higiene e o prazer de se alimentar de maneira saud\u00e1vel.<span class=\"Apple-converted-space\">\u00a0<\/span>[\/vc_column_text][\/vc_tta_section][vc_tta_section title=&#8221;Lanchonetes&#8221; tab_id=&#8221;1629837696099-8b92f614-8edd&#8221;][vc_column_text]Oferece diversas op\u00e7\u00f5es de lanches aos alunos. Os pais podem optar pela utiliza\u00e7\u00e3o do Cart\u00e3o Magn\u00e9tico. Com este servi\u00e7o, o respons\u00e1vel tem controle sobre a qualidade da alimenta\u00e7\u00e3o, e dos gastos de seu filho, podendo estipular valores m\u00e1ximos de utiliza\u00e7\u00e3o por dia.[\/vc_column_text][\/vc_tta_section][vc_tta_section title=&#8221;Refeit\u00f3rio&#8221; tab_id=&#8221;1629841416880-c0f9b12d-c41e&#8221;][vc_column_text]Espa\u00e7o de alimenta\u00e7\u00e3o para os alunos da Educa\u00e7\u00e3o Infantil e Educa\u00e7\u00e3o Fundamental I.[\/vc_column_text][\/vc_tta_section][vc_tta_section title=&#8221;Enfermaria&#8221; tab_id=&#8221;1629837722209-c360e271-247b&#8221;][vc_column_text]Uma especialista na \u00e1rea de sa\u00fade d\u00e1 suporte ao aluno quando ele necessita de atendimento, contribuindo para o seu bem estar no Col\u00e9gio; temas sobre sa\u00fade e bons h\u00e1bitos de higiene e alimenta\u00e7\u00e3o s\u00e3o abordados permanentemente pela profissional.[\/vc_column_text][\/vc_tta_section][\/vc_tta_accordion][\/vc_column][vc_column width=&#8221;1\/3&#8243;][vc_media_grid grid_id=&#8221;vc_gid:1642781210973-06c9bf18-e4bb-1&#8243; include=&#8221;3928,3927,3908,3905,3904,3903,3902,3916,3915,3914,3913,3899,3906,3909,3881,3918,3917,3880,3876,3877,3912&#8243;][\/vc_column][\/vc_row]\n","protected":false},"excerpt":{"rendered":"<p>[vc_row][vc_column offset=&#8221;vc_col-lg-offset-1 vc_col-lg-10 vc_col-md-offset-1 vc_col-md-10&#8243;][vc_column_text]A efici\u00eancia e a qualidade da metodologia de ensino e do material did\u00e1tico do Curso Objetivo podem ser constatadas toda vez que uma universidade divulga a lista de aprovados em seu vestibular. Quantitativamente, sobressaem os alunos do Objetivo e seus parceiros. Qualitativamente, nos primeiros lugares \u00e9 certa a presen\u00e7a de alunos [&hellip;]<\/p>\n","protected":false},"author":1,"featured_media":0,"parent":0,"menu_order":0,"comment_status":"closed","ping_status":"closed","template":"","meta":{"footnotes":""},"class_list":["post-4276","page","type-page","status-publish","hentry"],"_links":{"self":[{"href":"https:\/\/objetivoaruja.com.br\/site\/wp-json\/wp\/v2\/pages\/4276","targetHints":{"allow":["GET"]}}],"collection":[{"href":"https:\/\/objetivoaruja.com.br\/site\/wp-json\/wp\/v2\/pages"}],"about":[{"href":"https:\/\/objetivoaruja.com.br\/site\/wp-json\/wp\/v2\/types\/page"}],"author":[{"embeddable":true,"href":"https:\/\/objetivoaruja.com.br\/site\/wp-json\/wp\/v2\/users\/1"}],"replies":[{"embeddable":true,"href":"https:\/\/objetivoaruja.com.br\/site\/wp-json\/wp\/v2\/comments?post=4276"}],"version-history":[{"count":3,"href":"https:\/\/objetivoaruja.com.br\/site\/wp-json\/wp\/v2\/pages\/4276\/revisions"}],"predecessor-version":[{"id":4414,"href":"https:\/\/objetivoaruja.com.br\/site\/wp-json\/wp\/v2\/pages\/4276\/revisions\/4414"}],"wp:attachment":[{"href":"https:\/\/objetivoaruja.com.br\/site\/wp-json\/wp\/v2\/media?parent=4276"}],"curies":[{"name":"wp","href":"https:\/\/api.w.org\/{rel}","templated":true}]}}

Pré Vestibular

[vc_row][vc_column offset=&#8221;vc_col-lg-offset-1 vc_col-lg-10 vc_col-md-offset-1 vc_col-md-10&#8243;][vc_column_text]A eficiência e a qualidade da metodologia de ensino e do material didático do Curso Objetivo podem ser constatadas toda vez que uma universidade divulga a lista de aprovados em seu vestibular.</p>
<p>Quantitativamente, sobressaem os alunos do Objetivo e seus parceiros. Qualitativamente, nos primeiros lugares é certa a presença de alunos que se preparam em cursos que utilizam material didático do Objetivo. Isso se deve à solidez de uma experiência de mais de 30 anos, o tempo todo inovando, atualizando e aprimorando seu material, em sintonia com as tendências dos principais vestibulares do País. O Curso Objetivo Pré-Vestibular oferece uma estrutura completa e uma larga experiência na área da educação, tudo para ver nosso aluno vibrar diante de sua primeira conquista na vida adulta: o ingresso na universidade de sua escolha.[/vc_column_text][wgl_spacing spacer_size=&#8221;75px&#8221;][/vc_column][/vc_row][vc_row][vc_column width=&#8221;1/4&#8243;][/vc_column][vc_column width=&#8221;1/2&#8243;][vc_video link=&#8221;https://youtu.be/WDfR2XwfhBY&#8221; css=&#8221;.vc_custom_1642781216957{margin-top: 30px !important;margin-bottom: 30px !important;}&#8221;][wgl_spacing spacer_size=&#8221;75px&#8221;][/vc_column][vc_column width=&#8221;1/4&#8243;][/vc_column][/vc_row][vc_row][vc_column width=&#8221;2/3&#8243;][vc_tta_accordion c_icon=&#8221;&#8221; active_section=&#8221;1&#8243;][vc_tta_section title=&#8221;Sala de aula do Ensino Médio&#8221; tab_id=&#8221;1629837111234-6cf8e274-dc43&#8243;][vc_column_text]São equipadas com ar condicionado, computador, projetor multimídia e câmeras de monitoramento.[/vc_column_text][/vc_tta_section][vc_tta_section title=&#8221;Auditório&#8221; tab_id=&#8221;1629837111249-eb42b221-a130&#8243;][vc_column_text]Espaço onde são realizadas as palestras, aulas especiais e comemorações.[/vc_column_text][/vc_tta_section][vc_tta_section title=&#8221;Laboratórios de química, física e biologia&#8221; tab_id=&#8221;1629837310987-ba175d22-52f9&#8243;][vc_column_text]Este ambiente possui todos os equipamentos e produtos para a realização de experimentos das aulas de biologia, física, química e ciências.[/vc_column_text][/vc_tta_section][vc_tta_section title=&#8221;Laboratório de Tecnologia da Informação&#8221; tab_id=&#8221;1629841477829-834a5553-a1cf&#8221;][vc_column_text]Vários computadores com acesso à Internet, os softwares, tablets e multimídia possibilitam apoio às aulas, abrindo um grande leque de aprendizagens da tecnologia. É utilizado também nas aulas de Educação Digital e apoio a digitação e impressão[/vc_column_text][/vc_tta_section][vc_tta_section title=&#8221;Biblioteca Central&#8221; tab_id=&#8221;1629837393443-14a9b9da-389a&#8221;][vc_column_text]Atende os alunos da Educação Fundamental e Ensino Médio. Possui grande acervo de livros com cadastro digitalizado, periódicos, assinatura de revistas e jornal “O Estado de São Paulo”, videoteca, computadores com acesso à Internet para pesquisas.[/vc_column_text][/vc_tta_section][vc_tta_section title=&#8221;Quadras Cobertas&#8221; tab_id=&#8221;1629837427484-ccb86756-905d&#8221;][vc_column_text]Espaço para as aulas de Educação Física e práticas esportivas em diferentes modalidades.[/vc_column_text][/vc_tta_section][vc_tta_section title=&#8221;Pátio&#8221; tab_id=&#8221;1629837557665-13d9e472-1c3a&#8221;][vc_column_text]Espaço para os alunos interagirem e descansarem durante o intervalo.[/vc_column_text][/vc_tta_section][vc_tta_section title=&#8221;Cozinha experimental&#8221; tab_id=&#8221;1629837673577-ddcacd3f-4bf7&#8243;][vc_column_text]A preparação das saborosas receitas com diferentes ingredientes, estimula descobertas, habilidades motoras, organização, hábitos de higiene e o prazer de se alimentar de maneira saudável.<span class="Apple-converted-space"> </span>[/vc_column_text][/vc_tta_section][vc_tta_section title=&#8221;Lanchonetes&#8221; tab_id=&#8221;1629837696099-8b92f614-8edd&#8221;][vc_column_text]Oferece diversas opções de lanches aos alunos. Os pais podem optar pela utilização do Cartão Magnético. Com este serviço, o responsável tem controle sobre a qualidade da alimentação, e dos gastos de seu filho, podendo estipular valores máximos de utilização por dia.[/vc_column_text][/vc_tta_section][vc_tta_section title=&#8221;Refeitório&#8221; tab_id=&#8221;1629841416880-c0f9b12d-c41e&#8221;][vc_column_text]Espaço de alimentação para os alunos da Educação Infantil e Educação Fundamental I.[/vc_column_text][/vc_tta_section][vc_tta_section title=&#8221;Enfermaria&#8221; tab_id=&#8221;1629837722209-c360e271-247b&#8221;][vc_column_text]Uma especialista na área de saúde dá suporte ao aluno quando ele necessita de atendimento, contribuindo para o seu bem estar no Colégio; temas sobre saúde e bons hábitos de higiene e alimentação são abordados permanentemente pela profissional.[/vc_column_text][/vc_tta_section][/vc_tta_accordion][/vc_column][vc_column width=&#8221;1/3&#8243;][vc_media_grid grid_id=&#8221;vc_gid:1642781210973-06c9bf18-e4bb-1&#8243; include=&#8221;3928,3927,3908,3905,3904,3903,3902,3916,3915,3914,3913,3899,3906,3909,3881,3918,3917,3880,3876,3877,3912&#8243;][/vc_column][/vc_row]

<p>[vc_row][vc_column offset=&#8221;vc_col-lg-offset-1 vc_col-lg-10 vc_col-md-offset-1 vc_col-md-10&#8243;][vc_column_text]A eficiência e a qualidade da metodologia de ensino e do material didático do Curso Objetivo podem ser constatadas toda vez que uma universidade divulga a lista de aprovados em seu vestibular. Quantitativamente, sobressaem os alunos do Objetivo e seus parceiros. Qualitativamente, nos primeiros lugares é certa a presença de alunos [&hellip;]</p>
