{"id":4237,"date":"2021-08-24T21:45:54","date_gmt":"2021-08-24T21:45:54","guid":{"rendered":"https:\/\/objetivoaruja.com.br\/site\/?page_id=4237"},"modified":"2023-09-11T12:42:55","modified_gmt":"2023-09-11T12:42:55","slug":"ensino-fundamental","status":"publish","type":"page","link":"https:\/\/objetivoaruja.com.br\/site\/ensino-fundamental\/","title":{"rendered":"Ensino Fundamental"},"content":{"rendered":"[vc_row][vc_column offset=&#8221;vc_col-lg-offset-1 vc_col-lg-10 vc_col-md-offset-1 vc_col-md-10&#8243;][vc_column_text]A aprendizagem do aluno nas diferentes \u00e1reas do conhecimento se realiza atrav\u00e9s de diversas estrat\u00e9gias ativas, assertivas e posturas acolhedoras dos professores.<\/p>\n<p>As <strong>compet\u00eancias s\u00f3cio emocionais<\/strong> permeiam todas as rela\u00e7\u00f5es e constru\u00e7\u00f5es do conhecimento.<\/p>\n<p>As <strong>\u00e1reas do conhecimento s\u00e3o interligadas<\/strong>, assim como os projetos propostos durante o ano letivo, que ampliam a vis\u00e3o do aluno e o colocam como protagonista no desenvolvimento dos temas e desafios propostos.<\/p>\n<p>A<strong> \u00e1rea de tecnologia <\/strong>com abordagem STEAM \u2013 (Science, Technology, Engineering, Arts e Mathematics\u00a0), e a \u00e1rea de <strong>Sa\u00fade e Bem Estar<\/strong> fazem parte do projeto pedag\u00f3gico existente no curr\u00edculo.<\/p>\n<p><strong>O programa Bilingue <\/strong>implantado vem se ampliando ano a ano com uma perspectiva multicultural que possibilita ao aluno ampliar o vocabul\u00e1rio, a profici\u00eancia em Ingl\u00eas. No Ensino fundamental 1, em 2023 foi adotado o Sistema <strong>Cambrigde <\/strong>com <strong>Ingl\u00eas todos os dias<\/strong>.<\/p>\n<p>Os alunos participam de Olimp\u00edadas de Conhecimento, tem aulas complementares de Ci\u00eancias Aplicadas, Astronomia, tutorias, jud\u00f4, dan\u00e7a, fitness.<\/p>\n<p>Projetos e programas contemplam atividades voltadas \u00e0 <strong>\u00c9tica<\/strong> <strong>e Cidadania<\/strong> \u2013 paz, solidariedade, sustentabilidade, desenvolvidas pela <strong>equipe multidisciplinar<\/strong> <strong>por<\/strong> <strong>pedagogos, professores especialistas em cada \u00e1rea de Ensino, <\/strong><strong>psic\u00f3loga, enfermeira, pediatra<\/strong><strong>.<\/strong>[\/vc_column_text][wgl_spacing spacer_size=&#8221;75px&#8221;][\/vc_column][\/vc_row][vc_row][vc_column width=&#8221;1\/4&#8243;][\/vc_column][vc_column width=&#8221;1\/2&#8243;][vc_video link=&#8221;https:\/\/youtu.be\/WDfR2XwfhBY&#8221; css=&#8221;.vc_custom_1642781138702{margin-top: 30px !important;margin-bottom: 30px !important;}&#8221;][wgl_spacing spacer_size=&#8221;75px&#8221;][\/vc_column][vc_column width=&#8221;1\/4&#8243;][\/vc_column][\/vc_row][vc_row][vc_column width=&#8221;2\/3&#8243;][vc_tta_accordion c_icon=&#8221;&#8221; active_section=&#8221;1&#8243;][vc_tta_section title=&#8221;Salas de aula do Ensino Fundamental I&#8221; tab_id=&#8221;1629837111234-6cf8e274-dc43&#8243;][vc_column_text]Espa\u00e7os que propiciam a aprendizagem e o desenvolvimento das atividades que s\u00e3o propostas. S\u00e3o equipadas com c\u00e2meras de monitoramento[\/vc_column_text][\/vc_tta_section][vc_tta_section title=&#8221;Sala de aula do Ensino Fundamental II&#8221; tab_id=&#8221;1629841284545-74957fbf-4214&#8243;][vc_column_text]S\u00e3o equipadas com ar condicionado, computador, projetor multim\u00eddia e c\u00e2meras de monitoramento.[\/vc_column_text][\/vc_tta_section][vc_tta_section title=&#8221;Audit\u00f3rio&#8221; tab_id=&#8221;1629837111249-eb42b221-a130&#8243;][vc_column_text]Espa\u00e7o onde s\u00e3o realizadas as palestras, aulas especiais e comemora\u00e7\u00f5es.[\/vc_column_text][\/vc_tta_section][vc_tta_section title=&#8221;Laborat\u00f3rios de qu\u00edmica, f\u00edsica e biologia&#8221; tab_id=&#8221;1629837310987-ba175d22-52f9&#8243;][vc_column_text]Este ambiente possui todos os equipamentos e produtos para a realiza\u00e7\u00e3o de experimentos das aulas de biologia, f\u00edsica, qu\u00edmica e ci\u00eancias.[\/vc_column_text][\/vc_tta_section][vc_tta_section title=&#8221;Laborat\u00f3rio de Tecnologia da Informa\u00e7\u00e3o&#8221; tab_id=&#8221;1629841477829-834a5553-a1cf&#8221;][vc_column_text]V\u00e1rios computadores com acesso \u00e0 Internet, os softwares, tablets e multim\u00eddia possibilitam apoio \u00e0s aulas, abrindo um grande leque de aprendizagens da tecnologia. \u00c9 utilizado tamb\u00e9m nas aulas de Educa\u00e7\u00e3o Digital e apoio a digita\u00e7\u00e3o e impress\u00e3o[\/vc_column_text][\/vc_tta_section][vc_tta_section title=&#8221;Ateli\u00ea de artes&#8221; tab_id=&#8221;1629837363211-37e8ec9e-3b38&#8243;][vc_column_text]Espa\u00e7o onde se desenvolve a criatividade, o racioc\u00ednio l\u00f3gico \u2013 espacial, o conhecimento da obra de grandes pintores e movimentos art\u00edsticos.[\/vc_column_text][\/vc_tta_section][vc_tta_section title=&#8221;Biblioteca Central&#8221; tab_id=&#8221;1629837393443-14a9b9da-389a&#8221;][vc_column_text]Atende os alunos da Educa\u00e7\u00e3o Fundamental e Ensino M\u00e9dio. Possui grande acervo de livros com cadastro digitalizado, peri\u00f3dicos, assinatura de revistas e jornal \u201cO Estado de S\u00e3o Paulo\u201d, videoteca, computadores com acesso \u00e0 Internet para pesquisas.[\/vc_column_text][\/vc_tta_section][vc_tta_section title=&#8221;Biblioteca Infantil&#8221; tab_id=&#8221;1629841348290-3c091353-c26a&#8221;][vc_column_text]Ambiente pensado para estimular a leitura e a imagina\u00e7\u00e3o.<span class=\"Apple-converted-space\">\u00a0<\/span>[\/vc_column_text][\/vc_tta_section][vc_tta_section title=&#8221;Quadras Cobertas&#8221; tab_id=&#8221;1629837427484-ccb86756-905d&#8221;][vc_column_text]Espa\u00e7o para as aulas de Educa\u00e7\u00e3o F\u00edsica e pr\u00e1ticas esportivas em diferentes modalidades.[\/vc_column_text][\/vc_tta_section][vc_tta_section title=&#8221;P\u00e1tio&#8221; tab_id=&#8221;1629837557665-13d9e472-1c3a&#8221;][vc_column_text]Espa\u00e7o para os alunos interagirem e descansarem durante o intervalo.[\/vc_column_text][\/vc_tta_section][vc_tta_section title=&#8221;P\u00e1tio playground&#8221; tab_id=&#8221;1629841451872-468f9eb9-9ae0&#8243;][vc_column_text]Ambiente seguro para a hora da brincadeira, utilizado nos intervalos de aula. Conta com supervis\u00e3o integral.[\/vc_column_text][\/vc_tta_section][vc_tta_section title=&#8221;Mini cidade &#8211; Sala de viv\u00eancia&#8221; tab_id=&#8221;1629837585803-9f8b8006-2449&#8243;][vc_column_text]Espa\u00e7o de apoio para as aulas e para as brincadeiras dirigidas, onde as crian\u00e7as simulam situa\u00e7\u00f5es do dia-a-dia.[\/vc_column_text][\/vc_tta_section][vc_tta_section title=&#8221;Cozinha experimental&#8221; tab_id=&#8221;1629837673577-ddcacd3f-4bf7&#8243;][vc_column_text]A prepara\u00e7\u00e3o das saborosas receitas com diferentes ingredientes, estimula descobertas, habilidades motoras, organiza\u00e7\u00e3o, h\u00e1bitos de higiene e o prazer de se alimentar de maneira saud\u00e1vel.<span class=\"Apple-converted-space\">\u00a0<\/span>[\/vc_column_text][\/vc_tta_section][vc_tta_section title=&#8221;Lanchonetes&#8221; tab_id=&#8221;1629837696099-8b92f614-8edd&#8221;][vc_column_text]Oferece diversas op\u00e7\u00f5es de lanches aos alunos. Os pais podem optar pela utiliza\u00e7\u00e3o do Cart\u00e3o Magn\u00e9tico. Com este servi\u00e7o, o respons\u00e1vel tem controle sobre a qualidade da alimenta\u00e7\u00e3o, e dos gastos de seu filho, podendo estipular valores m\u00e1ximos de utiliza\u00e7\u00e3o por dia.[\/vc_column_text][\/vc_tta_section][vc_tta_section title=&#8221;Refeit\u00f3rio&#8221; tab_id=&#8221;1629841416880-c0f9b12d-c41e&#8221;][vc_column_text]Espa\u00e7o de alimenta\u00e7\u00e3o para os alunos da Educa\u00e7\u00e3o Infantil e Educa\u00e7\u00e3o Fundamental I.[\/vc_column_text][\/vc_tta_section][vc_tta_section title=&#8221;Enfermaria&#8221; tab_id=&#8221;1629837722209-c360e271-247b&#8221;][vc_column_text]Uma especialista na \u00e1rea de sa\u00fade d\u00e1 suporte ao aluno quando ele necessita de atendimento, contribuindo para o seu bem estar no Col\u00e9gio; temas sobre sa\u00fade e bons h\u00e1bitos de higiene e alimenta\u00e7\u00e3o s\u00e3o abordados permanentemente pela profissional.[\/vc_column_text][\/vc_tta_section][vc_tta_section title=&#8221;Horta&#8221; tab_id=&#8221;1629838377353-baab8ea4-1199&#8243;][vc_column_text]Semear, cuidar e colher s\u00e3o a\u00e7\u00f5es prazerosas e preparat\u00f3rias para uma vida saud\u00e1vel, ensinando a crian\u00e7a a respeitar o meio em que vive.[\/vc_column_text][\/vc_tta_section][\/vc_tta_accordion][\/vc_column][vc_column width=&#8221;1\/3&#8243;][vc_media_grid grid_id=&#8221;vc_gid:1694435958369-0c934dfd-35e6-1&#8243; include=&#8221;3929,3928,3927,3926,3925,3923,3922,3919,3920,3921,3911,3908,3907,3905,3904,3903,3902,3901,3900,3874,3873,3872,3916,3915,3914,3913,3899,3906,3909,3881&#8243;][\/vc_column][\/vc_row]\n","protected":false},"excerpt":{"rendered":"<p>[vc_row][vc_column offset=&#8221;vc_col-lg-offset-1 vc_col-lg-10 vc_col-md-offset-1 vc_col-md-10&#8243;][vc_column_text]A aprendizagem do aluno nas diferentes \u00e1reas do conhecimento se realiza atrav\u00e9s de diversas estrat\u00e9gias ativas, assertivas e posturas acolhedoras dos professores. As compet\u00eancias s\u00f3cio emocionais permeiam todas as rela\u00e7\u00f5es e constru\u00e7\u00f5es do conhecimento. As \u00e1reas do conhecimento s\u00e3o interligadas, assim como os projetos propostos durante o ano letivo, que ampliam [&hellip;]<\/p>\n","protected":false},"author":1,"featured_media":0,"parent":0,"menu_order":0,"comment_status":"closed","ping_status":"closed","template":"","meta":{"footnotes":""},"class_list":["post-4237","page","type-page","status-publish","hentry"],"_links":{"self":[{"href":"https:\/\/objetivoaruja.com.br\/site\/wp-json\/wp\/v2\/pages\/4237","targetHints":{"allow":["GET"]}}],"collection":[{"href":"https:\/\/objetivoaruja.com.br\/site\/wp-json\/wp\/v2\/pages"}],"about":[{"href":"https:\/\/objetivoaruja.com.br\/site\/wp-json\/wp\/v2\/types\/page"}],"author":[{"embeddable":true,"href":"https:\/\/objetivoaruja.com.br\/site\/wp-json\/wp\/v2\/users\/1"}],"replies":[{"embeddable":true,"href":"https:\/\/objetivoaruja.com.br\/site\/wp-json\/wp\/v2\/comments?post=4237"}],"version-history":[{"count":5,"href":"https:\/\/objetivoaruja.com.br\/site\/wp-json\/wp\/v2\/pages\/4237\/revisions"}],"predecessor-version":[{"id":7273,"href":"https:\/\/objetivoaruja.com.br\/site\/wp-json\/wp\/v2\/pages\/4237\/revisions\/7273"}],"wp:attachment":[{"href":"https:\/\/objetivoaruja.com.br\/site\/wp-json\/wp\/v2\/media?parent=4237"}],"curies":[{"name":"wp","href":"https:\/\/api.w.org\/{rel}","templated":true}]}}