{"id":4226,"date":"2021-08-24T20:20:00","date_gmt":"2021-08-24T20:20:00","guid":{"rendered":"https:\/\/objetivoaruja.com.br\/site\/?page_id=4226"},"modified":"2023-09-11T12:37:53","modified_gmt":"2023-09-11T12:37:53","slug":"educacao-infantil","status":"publish","type":"page","link":"https:\/\/objetivoaruja.com.br\/site\/educacao-infantil\/","title":{"rendered":"Educa\u00e7\u00e3o Infantil"},"content":{"rendered":"[vc_row][vc_column offset=&#8221;vc_col-lg-offset-1 vc_col-lg-10 vc_col-md-offset-1 vc_col-md-10&#8243;][vc_column_text]Na Educa\u00e7\u00e3o Infantil oferecemos \u00e0s crian\u00e7as um conjunto de oportunidades, meios e materiais para o crescimento saud\u00e1vel. Trabalhamos para que a crian\u00e7a se sinta autoconfiante e segura no ambiente escolar e em seus relacionamentos. Oferecemos a ela condi\u00e7\u00f5es para que viva a sua inf\u00e2ncia de maneira ativa e questionadora, estimulando a sua curiosidade. Aos poucos as crian\u00e7as v\u00e3o incorporando valores, conhecendo seus limites e aprendendo a respeitar sentimentos, ideias, atitudes e direitos alheios. Na intera\u00e7\u00e3o com o ambiente social e f\u00edsico, se d\u00e1 a constru\u00e7\u00e3o do conhecimento, o desenvolvimento emocional, a socializa\u00e7\u00e3o e a assimila\u00e7\u00e3o de valores \u00e9ticos e est\u00e9ticos. Em s\u00edntese, nosso compromisso \u00e9 oferecer aos nossos alunos um ambiente agrad\u00e1vel, estimulante, desafiador e seguro, por meio de um projeto educacional alinhado aos novos tempos.<\/p>\n<p><strong>Programa Bil\u00edngue Cambridge \u2013 Ingl\u00eas todos os dias <\/strong><\/p>\n<p>&nbsp;<\/p>\n<p><strong>Quadro Curricular \u2013 Campos de Experi\u00eancia:<\/strong><\/p>\n<ul>\n<li>Artes Visuais<\/li>\n<li>Arte musicais<\/li>\n<li>Educa\u00e7\u00e3o F\u00edsica<\/li>\n<li>Experimentos e Debates<\/li>\n<li>Educa\u00e7\u00e3o Ambiental\/Horticultura<\/li>\n<li>Educa\u00e7\u00e3o Alimentar\/Culin\u00e1ria<\/li>\n<li>Cibercultura \u2013 Ambiente Virtual de Aprendizagem<\/li>\n<li>Linguagens \u2013 Comunica\u00e7\u00e3o<\/li>\n<li>L\u00f3gica Natural e atividades pr\u00e9 num\u00e9ricas<\/li>\n<li>Recrea\u00e7\u00e3o e Brincadeiras<\/li>\n<li>Hora da roda\/ Conhecimento de mundo<\/li>\n<li>Conta\u00e7\u00e3o de hist\u00f3rias<\/li>\n<\/ul>\n<p>Projetos e programas contemplam atividades voltadas \u00e0 <strong>\u00c9tica e Cidadania<\/strong> \u2013 paz, solidariedade, sustentabilidade, desenvolvidas pela <strong>equipe multidisciplinar formada por<\/strong> <strong>pedagogos, professores especialistas em cada \u00e1rea de Ensino, <\/strong><strong>psic\u00f3loga, enfermeira, pediatra<\/strong><strong>.<\/strong>[\/vc_column_text][wgl_spacing spacer_size=&#8221;75px&#8221;][\/vc_column][\/vc_row][vc_row][vc_column width=&#8221;1\/4&#8243;][\/vc_column][vc_column width=&#8221;1\/2&#8243;][vc_video link=&#8221;https:\/\/youtu.be\/WDfR2XwfhBY&#8221; css=&#8221;.vc_custom_1642781113062{margin-top: 30px !important;margin-bottom: 30px !important;}&#8221;][wgl_spacing spacer_size=&#8221;75px&#8221;][\/vc_column][vc_column width=&#8221;1\/4&#8243;][\/vc_column][\/vc_row][vc_row][vc_column width=&#8221;2\/3&#8243;][vc_tta_accordion c_icon=&#8221;&#8221; active_section=&#8221;1&#8243;][vc_tta_section title=&#8221;Salas de aula da Educa\u00e7\u00e3o Infantil&#8221; tab_id=&#8221;1629837111234-6cf8e274-dc43&#8243;][vc_column_text]Espa\u00e7os que propiciam a aprendizagem e o desenvolvimento das atividades que s\u00e3o propostas. S\u00e3o equipadas com c\u00e2meras de monitoramento.<\/p>\n[\/vc_column_text][\/vc_tta_section][vc_tta_section title=&#8221;Sala de express\u00e3o corporal\/m\u00fasica\/dan\u00e7a&#8221; tab_id=&#8221;1629837111249-eb42b221-a130&#8243;][vc_column_text]Neste ambiente, o aluno desenvolve a sensibilidade, a coordena\u00e7\u00e3o motora, o gosto pelas artes. As aulas de Ballet s\u00e3o realizadas neste espa\u00e7o.[\/vc_column_text][\/vc_tta_section][vc_tta_section title=&#8221;Laborat\u00f3rios de qu\u00edmica, f\u00edsica e biologia&#8221; tab_id=&#8221;1629837310987-ba175d22-52f9&#8243;][vc_column_text]Este ambiente possui todos os equipamentos e produtos para a realiza\u00e7\u00e3o de experimentos das aulas de biologia, f\u00edsica, qu\u00edmica e ci\u00eancias.[\/vc_column_text][\/vc_tta_section][vc_tta_section title=&#8221;Ateli\u00ea de artes&#8221; tab_id=&#8221;1629837363211-37e8ec9e-3b38&#8243;][vc_column_text]Espa\u00e7o onde se desenvolve a criatividade, o racioc\u00ednio l\u00f3gico \u2013 espacial, o conhecimento da obra de grandes pintores e movimentos art\u00edsticos.[\/vc_column_text][\/vc_tta_section][vc_tta_section title=&#8221;Biblioteca Infantil&#8221; tab_id=&#8221;1629837393443-14a9b9da-389a&#8221;][vc_column_text]Ambiente pensado para estimular a leitura e a imagina\u00e7\u00e3o.<span class=\"Apple-converted-space\">\u00a0<\/span>[\/vc_column_text][\/vc_tta_section][vc_tta_section title=&#8221;Quadras Cobertas&#8221; tab_id=&#8221;1629837427484-ccb86756-905d&#8221;][vc_column_text]Espa\u00e7o para as aulas de Educa\u00e7\u00e3o F\u00edsica e pr\u00e1ticas esportivas em diferentes modalidades.[\/vc_column_text][\/vc_tta_section][vc_tta_section title=&#8221;P\u00e1tio playground&#8221; tab_id=&#8221;1629837557665-13d9e472-1c3a&#8221;][vc_column_text]Ambiente seguro para a hora da brincadeira, utilizado nos intervalos de aula. Conta com supervis\u00e3o integral.[\/vc_column_text][\/vc_tta_section][vc_tta_section title=&#8221;Mini cidade &#8211; Sala de viv\u00eancia&#8221; tab_id=&#8221;1629837585803-9f8b8006-2449&#8243;][vc_column_text]Espa\u00e7o de apoio para as aulas e para as brincadeiras dirigidas, onde as crian\u00e7as simulam situa\u00e7\u00f5es do dia-a-dia.[\/vc_column_text][\/vc_tta_section][vc_tta_section title=&#8221;Cozinha experimental&#8221; tab_id=&#8221;1629837673577-ddcacd3f-4bf7&#8243;][vc_column_text]A prepara\u00e7\u00e3o das saborosas receitas com diferentes ingredientes, estimula descobertas, habilidades motoras, organiza\u00e7\u00e3o, h\u00e1bitos de higiene e o prazer de se alimentar de maneira saud\u00e1vel.<span class=\"Apple-converted-space\">\u00a0<\/span>[\/vc_column_text][\/vc_tta_section][vc_tta_section title=&#8221;Refeit\u00f3rio&#8221; tab_id=&#8221;1629837696099-8b92f614-8edd&#8221;][vc_column_text]Espa\u00e7o de alimenta\u00e7\u00e3o para os alunos da Educa\u00e7\u00e3o Infantil e Educa\u00e7\u00e3o Fundamental I.[\/vc_column_text][\/vc_tta_section][vc_tta_section title=&#8221;Enfermaria&#8221; tab_id=&#8221;1629837722209-c360e271-247b&#8221;][vc_column_text]Uma especialista na \u00e1rea de sa\u00fade d\u00e1 suporte ao aluno quando ele necessita de atendimento, contribuindo para o seu bem estar no Col\u00e9gio; temas sobre sa\u00fade e bons h\u00e1bitos de higiene e alimenta\u00e7\u00e3o s\u00e3o abordados permanentemente pela profissional.[\/vc_column_text][\/vc_tta_section][vc_tta_section title=&#8221;Horta&#8221; tab_id=&#8221;1629838377353-baab8ea4-1199&#8243;][vc_column_text]Semear, cuidar e colher s\u00e3o a\u00e7\u00f5es prazerosas e preparat\u00f3rias para uma vida saud\u00e1vel, ensinando a crian\u00e7a a respeitar o meio em que vive.[\/vc_column_text][\/vc_tta_section][\/vc_tta_accordion][\/vc_column][vc_column width=&#8221;1\/3&#8243;][vc_media_grid grid_id=&#8221;vc_gid:1694435851329-15456c7c-64a1-7&#8243; include=&#8221;3930,3929,3928,3927,3926,3925,3924,3923,3922,3919,3920,3921,3911,3910,3909,3908,3907,3905,3904,3903,3902,3892,3901,3900,3874,3873,3872&#8243;][\/vc_column][\/vc_row]\n","protected":false},"excerpt":{"rendered":"<p>[vc_row][vc_column offset=&#8221;vc_col-lg-offset-1 vc_col-lg-10 vc_col-md-offset-1 vc_col-md-10&#8243;][vc_column_text]Na Educa\u00e7\u00e3o Infantil oferecemos \u00e0s crian\u00e7as um conjunto de oportunidades, meios e materiais para o crescimento saud\u00e1vel. Trabalhamos para que a crian\u00e7a se sinta autoconfiante e segura no ambiente escolar e em seus relacionamentos. Oferecemos a ela condi\u00e7\u00f5es para que viva a sua inf\u00e2ncia de maneira ativa e questionadora, estimulando a [&hellip;]<\/p>\n","protected":false},"author":1,"featured_media":0,"parent":0,"menu_order":0,"comment_status":"closed","ping_status":"closed","template":"","meta":{"footnotes":""},"class_list":["post-4226","page","type-page","status-publish","hentry"],"_links":{"self":[{"href":"https:\/\/objetivoaruja.com.br\/site\/wp-json\/wp\/v2\/pages\/4226","targetHints":{"allow":["GET"]}}],"collection":[{"href":"https:\/\/objetivoaruja.com.br\/site\/wp-json\/wp\/v2\/pages"}],"about":[{"href":"https:\/\/objetivoaruja.com.br\/site\/wp-json\/wp\/v2\/types\/page"}],"author":[{"embeddable":true,"href":"https:\/\/objetivoaruja.com.br\/site\/wp-json\/wp\/v2\/users\/1"}],"replies":[{"embeddable":true,"href":"https:\/\/objetivoaruja.com.br\/site\/wp-json\/wp\/v2\/comments?post=4226"}],"version-history":[{"count":11,"href":"https:\/\/objetivoaruja.com.br\/site\/wp-json\/wp\/v2\/pages\/4226\/revisions"}],"predecessor-version":[{"id":7272,"href":"https:\/\/objetivoaruja.com.br\/site\/wp-json\/wp\/v2\/pages\/4226\/revisions\/7272"}],"wp:attachment":[{"href":"https:\/\/objetivoaruja.com.br\/site\/wp-json\/wp\/v2\/media?parent=4226"}],"curies":[{"name":"wp","href":"https:\/\/api.w.org\/{rel}","templated":true}]}}

Educação Infantil

[vc_row][vc_column offset=&#8221;vc_col-lg-offset-1 vc_col-lg-10 vc_col-md-offset-1 vc_col-md-10&#8243;][vc_column_text]Na Educação Infantil oferecemos às crianças um conjunto de oportunidades, meios e materiais para o crescimento saudável. Trabalhamos para que a criança se sinta autoconfiante e segura no ambiente escolar e em seus relacionamentos. Oferecemos a ela condições para que viva a sua infância de maneira ativa e questionadora, estimulando a sua curiosidade. Aos poucos as crianças vão incorporando valores, conhecendo seus limites e aprendendo a respeitar sentimentos, ideias, atitudes e direitos alheios. Na interação com o ambiente social e físico, se dá a construção do conhecimento, o desenvolvimento emocional, a socialização e a assimilação de valores éticos e estéticos. Em síntese, nosso compromisso é oferecer aos nossos alunos um ambiente agradável, estimulante, desafiador e seguro, por meio de um projeto educacional alinhado aos novos tempos.</p>
<p><strong>Programa Bilíngue Cambridge – Inglês todos os dias </strong></p>
<p>&nbsp;</p>
<p><strong>Quadro Curricular – Campos de Experiência:</strong></p>
<ul>
<li>Artes Visuais</li>
<li>Arte musicais</li>
<li>Educação Física</li>
<li>Experimentos e Debates</li>
<li>Educação Ambiental/Horticultura</li>
<li>Educação Alimentar/Culinária</li>
<li>Cibercultura – Ambiente Virtual de Aprendizagem</li>
<li>Linguagens – Comunicação</li>
<li>Lógica Natural e atividades pré numéricas</li>
<li>Recreação e Brincadeiras</li>
<li>Hora da roda/ Conhecimento de mundo</li>
<li>Contação de histórias</li>
</ul>
<p>Projetos e programas contemplam atividades voltadas à <strong>Ética e Cidadania</strong> – paz, solidariedade, sustentabilidade, desenvolvidas pela <strong>equipe multidisciplinar formada por</strong> <strong>pedagogos, professores especialistas em cada área de Ensino, </strong><strong>psicóloga, enfermeira, pediatra</strong><strong>.</strong>[/vc_column_text][wgl_spacing spacer_size=&#8221;75px&#8221;][/vc_column][/vc_row][vc_row][vc_column width=&#8221;1/4&#8243;][/vc_column][vc_column width=&#8221;1/2&#8243;][vc_video link=&#8221;https://youtu.be/WDfR2XwfhBY&#8221; css=&#8221;.vc_custom_1642781113062{margin-top: 30px !important;margin-bottom: 30px !important;}&#8221;][wgl_spacing spacer_size=&#8221;75px&#8221;][/vc_column][vc_column width=&#8221;1/4&#8243;][/vc_column][/vc_row][vc_row][vc_column width=&#8221;2/3&#8243;][vc_tta_accordion c_icon=&#8221;&#8221; active_section=&#8221;1&#8243;][vc_tta_section title=&#8221;Salas de aula da Educação Infantil&#8221; tab_id=&#8221;1629837111234-6cf8e274-dc43&#8243;][vc_column_text]Espaços que propiciam a aprendizagem e o desenvolvimento das atividades que são propostas. São equipadas com câmeras de monitoramento.</p>
[/vc_column_text][/vc_tta_section][vc_tta_section title=&#8221;Sala de expressão corporal/música/dança&#8221; tab_id=&#8221;1629837111249-eb42b221-a130&#8243;][vc_column_text]Neste ambiente, o aluno desenvolve a sensibilidade, a coordenação motora, o gosto pelas artes. As aulas de Ballet são realizadas neste espaço.[/vc_column_text][/vc_tta_section][vc_tta_section title=&#8221;Laboratórios de química, física e biologia&#8221; tab_id=&#8221;1629837310987-ba175d22-52f9&#8243;][vc_column_text]Este ambiente possui todos os equipamentos e produtos para a realização de experimentos das aulas de biologia, física, química e ciências.[/vc_column_text][/vc_tta_section][vc_tta_section title=&#8221;Ateliê de artes&#8221; tab_id=&#8221;1629837363211-37e8ec9e-3b38&#8243;][vc_column_text]Espaço onde se desenvolve a criatividade, o raciocínio lógico – espacial, o conhecimento da obra de grandes pintores e movimentos artísticos.[/vc_column_text][/vc_tta_section][vc_tta_section title=&#8221;Biblioteca Infantil&#8221; tab_id=&#8221;1629837393443-14a9b9da-389a&#8221;][vc_column_text]Ambiente pensado para estimular a leitura e a imaginação.<span class="Apple-converted-space"> </span>[/vc_column_text][/vc_tta_section][vc_tta_section title=&#8221;Quadras Cobertas&#8221; tab_id=&#8221;1629837427484-ccb86756-905d&#8221;][vc_column_text]Espaço para as aulas de Educação Física e práticas esportivas em diferentes modalidades.[/vc_column_text][/vc_tta_section][vc_tta_section title=&#8221;Pátio playground&#8221; tab_id=&#8221;1629837557665-13d9e472-1c3a&#8221;][vc_column_text]Ambiente seguro para a hora da brincadeira, utilizado nos intervalos de aula. Conta com supervisão integral.[/vc_column_text][/vc_tta_section][vc_tta_section title=&#8221;Mini cidade &#8211; Sala de vivência&#8221; tab_id=&#8221;1629837585803-9f8b8006-2449&#8243;][vc_column_text]Espaço de apoio para as aulas e para as brincadeiras dirigidas, onde as crianças simulam situações do dia-a-dia.[/vc_column_text][/vc_tta_section][vc_tta_section title=&#8221;Cozinha experimental&#8221; tab_id=&#8221;1629837673577-ddcacd3f-4bf7&#8243;][vc_column_text]A preparação das saborosas receitas com diferentes ingredientes, estimula descobertas, habilidades motoras, organização, hábitos de higiene e o prazer de se alimentar de maneira saudável.<span class="Apple-converted-space"> </span>[/vc_column_text][/vc_tta_section][vc_tta_section title=&#8221;Refeitório&#8221; tab_id=&#8221;1629837696099-8b92f614-8edd&#8221;][vc_column_text]Espaço de alimentação para os alunos da Educação Infantil e Educação Fundamental I.[/vc_column_text][/vc_tta_section][vc_tta_section title=&#8221;Enfermaria&#8221; tab_id=&#8221;1629837722209-c360e271-247b&#8221;][vc_column_text]Uma especialista na área de saúde dá suporte ao aluno quando ele necessita de atendimento, contribuindo para o seu bem estar no Colégio; temas sobre saúde e bons hábitos de higiene e alimentação são abordados permanentemente pela profissional.[/vc_column_text][/vc_tta_section][vc_tta_section title=&#8221;Horta&#8221; tab_id=&#8221;1629838377353-baab8ea4-1199&#8243;][vc_column_text]Semear, cuidar e colher são ações prazerosas e preparatórias para uma vida saudável, ensinando a criança a respeitar o meio em que vive.[/vc_column_text][/vc_tta_section][/vc_tta_accordion][/vc_column][vc_column width=&#8221;1/3&#8243;][vc_media_grid grid_id=&#8221;vc_gid:1694435851329-15456c7c-64a1-7&#8243; include=&#8221;3930,3929,3928,3927,3926,3925,3924,3923,3922,3919,3920,3921,3911,3910,3909,3908,3907,3905,3904,3903,3902,3892,3901,3900,3874,3873,3872&#8243;][/vc_column][/vc_row]

<p>[vc_row][vc_column offset=&#8221;vc_col-lg-offset-1 vc_col-lg-10 vc_col-md-offset-1 vc_col-md-10&#8243;][vc_column_text]Na Educação Infantil oferecemos às crianças um conjunto de oportunidades, meios e materiais para o crescimento saudável. Trabalhamos para que a criança se sinta autoconfiante e segura no ambiente escolar e em seus relacionamentos. Oferecemos a ela condições para que viva a sua infância de maneira ativa e questionadora, estimulando a [&hellip;]</p>
